-7b (base 14) to base 11
-9a
-3b31 (base 12) to base 16
-1a95
What is 22011 (base 6) in base 8?
5727
What is -135021 (base 7) in base 5?
-1310430
-4421 (base 10) to base 7
-15614
Convert -11ac (base 14) to base 13.
-153b
What is ba0 (base 14) in base 10?
2296
Convert 12440 (base 7) to base 15.
eab
Convert 11600 (base 8) to base 5.
124432
Convert -2aa8 (base 12) to base 2.
-1001110100000
What is 110526 (base 9) in base 3?
10100120220
Convert -151154 (base 7) to base 6.
-343215
12854 (base 11) to base 13
8460
29a1 (base 11) to base 15
1227
What is 5315 (base 11) in base 2?
1101101111010
32fb (base 16) to base 9
18811
-ac6 (base 13) to base 14
-964
1010203 (base 4) to base 15
1477
Convert 1010322 (base 6) to base 5.
3014244
110110010011111 (base 2) to base 12
14113
-2415 (base 14) to base 15
-1ce6
What is -100101110010101 (base 2) in base 6?
-225325
What is 500 (base 9) in base 15?
1c0
What is -22011 (base 4) in base 14?
-341
2786 (base 10) to base 4
223202
42b3 (base 15) to base 13
6570
11145 (base 6) to base 10
1577
2b1 (base 14) to base 4
20203
Convert -255545 (base 7) to base 3.
-2102022102
What is 422 (base 10) in base 2?
110100110
Convert -615 (base 8) to base 4.
-12031
What is 1143140 (base 5) in base 7?
120115
Convert 21011 (base 3) to base 7.
364
What is -46261 (base 7) in base 6?
-130351
Convert -3322032 (base 4) to base 11.
-11039
What is -167 (base 14) in base 2?
-100011111
Convert -1980 (base 16) to base 14.
-2544
3692 (base 10) to base 8
7154
What is 244410 (base 5) in base 10?
9355
Convert -103032 (base 4) to base 12.
-866
What is 1435 (base 9) in base 13?
656
Convert -6342 (base 13) to base 14.
-5019
988 (base 10) to base 6
4324
414 (base 11) to base 14
279
Convert -31042 (base 5) to base 3.
-2202220
2031332 (base 4) to base 7
35330
What is -7669 (base 16) in base 8?
-73151
111011000 (base 2) to base 15
217
133550 (base 6) to base 5
400042
120221000 (base 3) to base 7
45564
10002201 (base 3) to base 12
1384
4511 (base 6) to base 15
4a1
What is -1543 (base 8) in base 4?
-31203
-90a6 (base 15) to base 3
-1112212210
What is 6bd (base 15) in base 14?
7b2
-11111101 (base 2) to base 4
-3331
Convert -525 (base 6) to base 3.
-21022
Convert 1220020 (base 3) to base 12.
973
Convert -116451 (base 9) to base 10.
-70354
What is 7065 (base 9) in base 8?
12052
-13a15 (base 11) to base 12
-b5b0
Convert 11127 (base 8) to base 3.
20102220
What is 1816 (base 15) in base 7?
21102
-11323031 (base 4) to base 2
-101111011001101
What is 238 (base 16) in base 8?
1070
What is 6533 (base 7) in base 12?
141b
What is -1203313 (base 4) in base 6?
-45331
92b (base 16) to base 12
1437
What is 4343 (base 6) in base 8?
1747
Convert 5401 (base 6) to base 4.
103021
-2315 (base 9) to base 15
-795
What is -201210 (base 3) in base 8?
-1026
What is -1474 (base 10) in base 11?
-1120
-1463 (base 7) to base 11
-491
Convert -22861 (base 13) to base 16.
-f5e3
What is -33622 (base 9) in base 12?
-10b48
Convert 4950 (base 11) to base 15.
1db3
Convert -2223 (base 8) to base 14.
-5d9
-144242 (base 5) to base 12
-3705
-31552 (base 13) to base 6
-1523024
3124 (base 6) to base 14
380
Convert -420243 (base 7) to base 8.
-214737
-2456 (base 7) to base 9
-1235
-1b4 (base 14) to base 15
-189
What is 9055 (base 10) in base 6?
105531
Convert 10020 (base 4) to base 12.
1a0
What is -152463 (base 7) in base 14?
-aba3
Convert 69 (base 14) to base 10.
93
140340 (base 7) to base 6
323030
What is -19c9 (base 16) in base 10?
-6601
Convert 432 (base 7) to base 5.
1334
Convert -1133 (base 9) to base 4.
-31020
What is -6412 (base 11) in base 14?
-313d
What is 42 (base 13) in base 6?
130
Convert 3366 (base 7) to base 5.
14344
-31614 (base 9) to base 4
-11012233
806 (base 14) to base 9
2138
38589 (base 10) to base 12
1a3b9
-3a9 (base 14) to base 7
-2102
What is -5217 (base 8) in base 7?
-10611
Convert 79c (base 15) to base 6.
11550
What is 227 (base 12) in base 9?
384
Convert 281 (base 9) to base 14.
12b
Convert 584 (base 9) to base 2.
111100001
Convert 203c (base 13) to base 15.
14b5
Convert 1a3d (base 15) to base 12.
3357
Convert -52203 (base 6) to base 13.
-3246
What is -34316 (base 7) in base 2?
-10001000011111
Convert -426 (base 9) to base 2.
-101011100
Convert 36156 (base 8) to base 13.
7070
Convert -136051 (base 7) to base 14.
-9728
Convert 1001111 (base 2) to base 16.
4f
What is -23020100 (base 4) in base 5?
-2424314
What is 31647 (base 9) in base 13?
96bb
What is 7407 (base 8) in base 6?
25451
What is 10110111101 (base 2) in base 15?
67e
What is -319 (base 12) in base 10?
-453
Convert 163 (base 7) to base 15.
64
What is -2506 (base 10) in base 9?
-3384
-2222124 (base 5) to base 14
-10327
1110211212 (base 3) to base 11
1a908
-111011011 (base 2) to base 11
-3a2
Convert -292 (base 13) to base 7.
-1222
What is -2154 (base 7) in base 2?
-1100000110
-41325 (base 6) to base 9
-7518
What is -406242 (base 7) in base 3?
-10112012220
-68088 (base 9) to base 11
-31022
Convert d34d (base 16) to base 2.
1101001101001101
Convert a45 (base 11) to base 7.
3446
Convert -1911 (base 10) to base 9.
-2553
What is 63165 (base 7) in base 9?
23266
What is -1303 (base 13) in base 5?
-41312
6229 (base 11) to base 8
20103
-16 (base 11) to base 5
-32
776 (base 8) to base 16
1fe
What is -217 (base 13) in base 9?
-437
What is -17a (base 14) in base 10?
-304
What is -3397 (base 10) in base 13?
-1714
Convert -1171 (base 11) to base 15.
-6c0
What is -29b0 (base 12) in base 4?
-1030110
Convert 10544 (base 6) to base 12.
a54
Convert a37c (base 14) to base 7.
145015
Convert 658 (base 9) to base 6.
2255
-641 (base 7) to base 12
-22b
What is 68 (base 11) in base 10?
74
Convert -2664 (base 10) to base 6.
-20200
What is -1001111001001 (base 2) in base 11?
-3895
Convert 29b9 (base 14) to base 4.
1303313
Convert -66e0 (base 16) to base 14.
-9852
14647 (base 9) to base 4
2130112
10234 (base 7) to base 14
cc4
What is 5d5 (base 16) in base 11?
1138
What is 333020 (base 4) in base 9?
5478
What is 68396 (base 10) in base 7?
403256
What is -43311 (base 6) in base 14?
-224b
What is -c0 (base 15) in base 11?
-154
Convert 287b (base 12) to base 11.
3596
-55512 (base 8) to base 16
-5b4a
What is 41b2 (base 15) in base 14?
50c4
-143014 (base 7) to base 11
-19696
What is -14304 (base 7) in base 4?
-331110
What is -252 (base 8) in base 16?
-aa
-8656 (base 9) to base 14
-246d
Convert -14306 (base 12) to base 8.
-66666
-11412 (base 8) to base 2
-1001100001010
Convert 1112333 (base 4) to base 10.
5567
-1b28 (base 12) to base 3
-11120212
-40341 (base 6) to base 13
-2560
Convert 4b13 (base 13) to base 8.
24647
Convert 687c (base 15) to base 11.
15722
What is -3201 (base 7) in base 3?
-1112210
What is 21b3 (base 12) in base 7?
13614
Convert -298e (base 15) to base 10.
-8909
Convert -12242 (base 7) to base 16.
-c8f
Convert 3750 (base 8) to base 4.
133220
Convert -2123 (base 6) to base 9.
-586
Convert 580 (base 12) to base 9.
1106
What is -1033103 (base 4) in base 13?
-2405
Convert -1b05 (base 13) to base 3.
-12120102
-1250 (base 8) to base 12
-488
What is 7753 (base 14) in base 11?
14576
Convert 918 (base 12) to base 10.
1316
17787 (base 10) to base 9
26353
What is 85023 (base 9) in base 5?
3244104
Convert -70 (base 16) to base 5.
-422
-230 (base 11) to base 9
-335
-3196 (base 11) to base 6
-31311
Convert -13889 (base 11) to base 10.
-19699
What is 36047 (base 9) in base 12?
11b44
What is 2022020 (base 4) in base 8?
21210
What is -59a (base 11) in base 15?
-329
Convert -3678a (base 11) to base 14.
-15394
What is 30033 (base 4) in base 6?
3343
-388 (base 16) to base 2
-1110001000
Convert 6211 (base 8) to base 14.
1253
Convert -2003112 (base 5) to base 13.
-11542
Convert -824 (base 10) to base 14.
-42c
What is -2120 (base 3) in base 14?
-4d
-2222 (base 5) to base 4
-10320
Convert -742 (base 10) to base 7.
-2110
Convert 12891 (base 10) to base 13.
5b38
Convert 10115 (base 8) to base 16.
104d
What is 1241 (base 12) in base 14?
a77
Convert -1001001110010010 (base 2) to base 13.
-14270
-212004 (base 5) to base 16
-1bd9
What is 34511 (base 7) in base 16?
227c
Convert 110111101 (base 2) to base 15.
1ea
What is -caa (base 16) in base 14?
-1278
Convert -58 (base 12) to base 6.
-152
Convert -20211200 (base 3) to base 2.
-1001101111010
What is 11414 (base 5) in